et m be u(h). Let w be 4/10 - m/10. What is the highest common divisor of 90 and w?
10
Let t be -17*(0 - (2 - 0)) + 0. What is the highest common divisor of 221 and t?
17
Suppose -5*j + 13 = -2. Let n = 5 - 4. What is the greatest common factor of j and n?
1
Suppose -20 = 2*q - 116. Suppose 4*y = 12 + 12. Calculate the highest common factor of q and y.
6
Let n be 1/2*(-4 + 34). Suppose -3*g = -5*q + n, 0 = -5*g + 4*q - 37 + 12. Let x = 9 + g. What is the greatest common divisor of 6 and x?
2
Let v = 143 - 115. What is the greatest common divisor of 140 and v?
28
Let d = -212 + 109. Let h = -61 - d. Suppose 7*r - 5*o - 435 = 3*r, -4*r = o - 417. What is the greatest common divisor of h and r?
21
Let q = 30 - 25. What is the highest common factor of 55 and q?
5
Let a(c) = c - 2. Let f be a(5). Let n = f - 3. Let p be (0 - -41 - n) + -1. Calculate the highest common factor of 16 and p.
8
Suppose 2*c = 5*c - 6. Suppose -2*z - c*z = -32. What is the greatest common divisor of z and 16?
8
Let j = 220 + -148. Suppose -4*i + 0*i + 68 = 0. Let v = -9 + i. Calculate the greatest common divisor of j and v.
8
Let r(u) = u**2 + 10*u + 21. Let d be r(-8). Calculate the greatest common divisor of d and 145.
5
Let x(d) = -2*d - 3. Let j be x(-4). Suppose 0 = 3*q + j + 4. Let u = 19 + q. Calculate the highest common divisor of u and 128.
16
Let p(u) = 21*u - 2. Let c(y) = -84*y + 8. Let j(w) = -2*c(w) - 9*p(w). Let f be j(-2). What is the greatest common factor of 11 and f?
11
Suppose -f + 61 = -1. What is the greatest common divisor of f and 31?
31
Let l be ((-15)/(-2))/(4/24). Let o be (36/l)/(2/75). Calculate the highest common factor of o and 6.
6
Let b(t) = t**2 - 8*t - 12. Let p be b(9). Let q = p + 8. What is the greatest common factor of q and 1?
1
Suppose 4*d + 42 = n + 2*d, 2*n + 5*d - 75 = 0. Let h = n + -22. Let g be (-4)/18 + 472/h. Calculate the greatest common factor of 65 and g.
13
Suppose 4*u = -6 + 42. Calculate the greatest common factor of u and 1.
1
Let i be (-4 - 4)*(-2)/4. Calculate the highest common divisor of i and 36.
4
Let f(q) = 9*q**2 + 2*q - 1. Let o be f(1). Calculate the highest common divisor of 10 and o.
10
Let k(m) = 2*m + 3. Let g be k(4). Let t be (g + (-3 - -2))*1. Suppose -4*l + 358 + 2 = 0. What is the greatest common divisor of t and l?
10
Let b be 8041/44 - 5/(-4). What is the greatest common divisor of b and 23?
23
Suppose 5 + 0 = 5*x. Suppose 2 = t, -3*r + 3*t = -2*r - x. Suppose w = -3*g + 229, 4*g - 141 = 2*w + 171. Calculate the highest common factor of g and r.
7
Let m = -836 - -2616. Let r be (-10)/(-45) + m/9. Calculate the greatest common factor of 18 and r.
18
Let n be ((-6)/7)/((-27)/126). Suppose n*o + 175 - 703 = 0. What is the greatest common factor of o and 22?
22
Let v(z) = z**3 + 9*z**2 + 5*z - 9. Let y be v(-8). Suppose -17 = -2*d + y. What is the greatest common divisor of d and 112?
16
Suppose 2*r + 0 = 10. What is the highest common factor of r and 5?
5
Suppose -5*f - 8 = -7*f. Let s be (-5)/2*(-12)/15. Suppose -s*y - f = -16. What is the greatest common factor of y and 60?
6
Let x(p) = p**2 + 2*p + 2. Let w be x(-4). Calculate the highest common divisor of w and 1.
1
Let b be (88/(-10))/(2/(-20)). Suppose 4*h = 2*d + b, 2*h - h - 16 = 2*d. What is the highest common divisor of h and 3?
3
Suppose 0 = 4*f - f + 12. Let q be 24/18*(-15)/f. What is the greatest common divisor of q and 20?
5
Suppose 104 + 82 = 6*k. Suppose 28*m = k*m - 9. Calculate the highest common factor of 3 and m.
3
Let a be 2/5 + 13/5. Suppose 5*u = 2*m + 38, 5*u + 4*m = 13 + 1. What is the highest common factor of a and u?
3
Let w(p) = 10*p**2 + 40*p + 3. Let f(z) = -7*z**2 - 27*z - 2. Let o(v) = -7*f(v) - 5*w(v). Let s be o(-9). What is the highest common factor of 136 and s?
17
Let z be (-1)/(-2)*-2 + 29. Let t = -1 + 4. Suppose 0 = t*b + b - 168. Calculate the highest common factor of z and b.
14
Suppose 0 = 7*t - 49 - 21. What is the highest common factor of 80 and t?
10
Suppose -3*z + 257 = 4*b, 103 = b - z + 37. Suppose -70 = -22*a + 17*a + 5*c, a + 4*c - 9 = 0. Calculate the highest common factor of b and a.
13
Let p(h) = h**3 + 2*h**2 - 6*h - 2. Let b be p(-4). Let f = b + 16. Calculate the greatest common divisor of 24 and f.
6
Let o(v) = -7*v**2 - 3*v + v - v**3 + 1 - 11. Let p be o(-7). Suppose 0 = p*g - 0*g - 4. Calculate the greatest common divisor of 5 and g.
1
Suppose -3*s + 265 = -5*h, -13*s + 10*s + 277 = -2*h. Calculate the greatest common factor of s and 19.
19
Let z = 9 - 0. Calculate the greatest common divisor of z and 99.
9
Suppose -a = -n - 170, -3*a + 515 = 5*n - 3*n. Let b(k) = -3*k - 65. Let u be b(-28). Calculate the greatest common factor of a and u.
19
Suppose 0 = -4*o - 11 - 9. Let w(s) = -s**3 - 5*s**2 - 3*s - 6. Let l be w(o). What is the greatest common factor of l and 3?
3
Suppose -h + 29 = -0*h. Let m = 13 + h. Let w be (2/(-4))/((-3)/m). Calculate the greatest common divisor of 14 and w.
7
Let b(r) = -2*r + 32. Let i be b(5). What is the highest common factor of 2 and i?
2
Suppose 0*y + 5*y = 405. What is the highest common factor of y and 9?
9
Let g(h) = -h + 2. Let n be g(-4). What is the greatest common divisor of n and 15?
3
Let x be 3*5 - (0 + (-4)/(-2)). Calculate the greatest common divisor of x and 65.
13
Let m(z) = z**3 - 10*z**2 - 7*z - 23. Let r be m(11). Calculate the greatest common divisor of 231 and r.
21
Let c = -44 + 38. Let w be 1/4 + (-61)/4. Let f = c - w. Calculate the greatest common factor of f and 45.
9
Suppose 60 = -4*n - 0*n - 4*g, -4*g - 36 = 2*n. Let i = 16 + n. What is the greatest common divisor of 36 and i?
4
Let m(k) = k**2 + 5*k - 16. Let i(j) = j**3 - 6*j**2 + 4*j - 6. Let x be i(5). Let c be m(x). What is the highest common factor of 20 and c?
10
Let f = -6 + 10. Suppose 0 = f*s + 4*g - 12, s - 5*g - 13 + 4 = 0. Let w be s/14 - (-94)/14. Calculate the highest common factor of w and 77.
7
Let v be (44/2)/(-6 - (-320)/52). Calculate the highest common divisor of v and 13.
13
Let s(a) = -a**3 + 9*a**2 - 2*a + 10. Let h be s(9). Let r be -11*(h + 2 + 3). What is the highest common factor of 11 and r?
11
Suppose 0 = -16*r + 13*r + 6. Calculate the greatest common divisor of r and 26.
2
Let i(k) = -k - 3. Let z be i(-7). Let f(q) = q**2 - 11*q + 4. Let u be f(8). Let s be 5/u + (-130)/(-8). What is the highest common factor of s and z?
4
Let t(b) = 2*b + 65. Let u be t(-24). Calculate the highest common factor of u and 119.
17
Let a(k) = k**2 + 6*k - 24. Let u be a(4). What is the highest common factor of u and 16?
16
Let y(l) = l**3 + 7*l**2 - 2*l - 13. Let f be y(-6). Calculate the greatest common factor of 5 and f.
5
Suppose -2*z + 18 = 4*q, 0 = 2*z + q - 8 - 22. Calculate the greatest common factor of z and 85.
17
Suppose 177 = 4*o + o + 3*t, -3*o - 2*t = -106. Calculate the highest common divisor of 9 and o.
9
Suppose 0 = -4*z - 3*j + 47, -2*z = -6*j + 3*j - 37. Let l = -371 - -525. What is the highest common divisor of l and z?
14
Let r = 8 + -3. Suppose 2*m = -3*w + 25, r*w + 0*m - 47 = -2*m. Calculate the highest common factor of 22 and w.
11
Suppose 25 = 2*x + 9. Let t be x - (-1 - (1 + 0)). Let d be -60*(25/10 - 4). Calculate the greatest common divisor of t and d.
10
Let x(f) = 5*f - 15. Let q be x(6). Let y(b) = b + 1. Let g be y(4). Calculate the greatest common factor of g and q.
5
Let c be (-42)/(-8) - 4/16. Suppose 0 = -3*w - 4*z + 45, -c*w = -0*w + 5*z - 75. Calculate the highest common divisor of w and 30.
15
Let t(f) = -3*f**2 - 2*f + 1. Let k(c) = 4*c**2 + c - 1. Let q(p) = 4*k(p) + 3*t(p). Let u be q(3). What is the highest common factor of 7 and u?
7
Let h(u) = u**2 - 19. Let a be h(8). Let d(n) = -n**3 + n**2 - n + 9. Let j be d(0). Calculate the highest common divisor of a and j.
9
Let d be 6/(-12)*(-47 + 1). Suppose d + 7 = 3*l. Calculate the highest common divisor of l and 1.
1
Let d(r) = 3*r**2 - 4 + 5 - 3*r + 0*r**2. Let m be d(-4). Let a = m + -43. Calculate the highest common factor of 9 and a.
9
Suppose 32 = l + 3*l + 3*s, 3*l + s - 19 = 0. Let t be 21/4 + 3/(-12). Calculate the highest common divisor of l and t.
5
Suppose -4*q = -2*q - 394. Let i be q/2 - 6/(-4). What is the highest common factor of 20 and i?
20
Let y(d) = 6*d